or of 10272 and 96?
96
Calculate the highest common divisor of 17030 and 10.
10
What is the highest common divisor of 6370 and 42?
14
What is the highest common divisor of 918 and 17?
17
Calculate the greatest common factor of 70 and 2954.
14
Calculate the greatest common factor of 114 and 2166.
114
What is the highest common factor of 215 and 11?
1
Calculate the greatest common factor of 2 and 412.
2
What is the highest common divisor of 65 and 143?
13
What is the highest common factor of 93 and 2449?
31
What is the greatest common divisor of 10 and 970?
10
Calculate the highest common factor of 190 and 10.
10
What is the highest common divisor of 357 and 1134?
21
Calculate the greatest common divisor of 329 and 17813.
47
What is the highest common divisor of 1029 and 315?
21
What is the greatest common divisor of 1050 and 150?
150
What is the greatest common factor of 296 and 37?
37
Calculate the highest common divisor of 270 and 33615.
135
Calculate the greatest common divisor of 203 and 14.
7
What is the highest common factor of 1960 and 5?
5
Calculate the greatest common divisor of 34 and 1071.
17
Calculate the highest common factor of 136 and 2414.
34
Calculate the highest common divisor of 8 and 4768.
8
Calculate the greatest common divisor of 152 and 32.
8
What is the highest common divisor of 50 and 140?
10
Calculate the greatest common divisor of 1017 and 99.
9
What is the greatest common divisor of 63 and 2625?
21
What is the highest common divisor of 1 and 7018?
1
Calculate the highest common factor of 19 and 513.
19
What is the highest common divisor of 98 and 2?
2
What is the highest common factor of 7305 and 5?
5
What is the highest common divisor of 2880 and 5440?
320
What is the greatest common factor of 98 and 28?
14
What is the greatest common divisor of 24 and 588?
12
What is the highest common divisor of 154 and 11?
11
Calculate the greatest common factor of 437 and 19.
19
Calculate the greatest common divisor of 6 and 14994.
6
Calculate the highest common divisor of 627 and 171.
57
Calculate the highest common factor of 220 and 484.
44
What is the greatest common factor of 42 and 192?
6
What is the highest common factor of 152 and 57?
19
What is the greatest common divisor of 153 and 663?
51
Calculate the highest common divisor of 57 and 6897.
57
Calculate the greatest common factor of 380 and 240.
20
What is the greatest common divisor of 510 and 60?
30
What is the greatest common factor of 552 and 1476?
12
Calculate the greatest common divisor of 52 and 351.
13
Calculate the highest common factor of 1080 and 40.
40
What is the highest common factor of 357 and 63?
21
Calculate the highest common divisor of 3582 and 18.
18
Calculate the greatest common factor of 2685 and 30.
15
What is the highest common divisor of 1523 and 1?
1
Calculate the greatest common divisor of 5 and 95.
5
Calculate the greatest common divisor of 3 and 652.
1
What is the highest common factor of 76 and 124?
4
Calculate the greatest common factor of 1830 and 12.
6
What is the greatest common factor of 342 and 12?
6
Calculate the greatest common divisor of 253 and 2875.
23
Calculate the greatest common factor of 156 and 72.
12
What is the greatest common factor of 13 and 1625?
13
Calculate the greatest common divisor of 180 and 24.
12
What is the greatest common factor of 1 and 354?
1
What is the greatest common divisor of 938 and 28?
14
Calculate the greatest common factor of 19 and 437.
19
What is the highest common divisor of 119 and 51527?
119
Calculate the highest common factor of 11 and 77.
11
Calculate the highest common factor of 172 and 301.
43
What is the highest common factor of 80 and 464?
16
What is the greatest common factor of 2675 and 428?
107
What is the highest common factor of 4061 and 1048?
131
Calculate the highest common divisor of 9471 and 147.
21
What is the highest common factor of 1625 and 1000?
125
What is the greatest common factor of 100 and 450?
50
Calculate the highest common divisor of 2364 and 60.
12
What is the greatest common divisor of 23 and 92?
23
What is the greatest common divisor of 83 and 7?
1
Calculate the greatest common factor of 41369 and 41.
41
Calculate the highest common factor of 162 and 18.
18
What is the greatest common factor of 696 and 1508?
116
Calculate the greatest common factor of 30 and 210.
30
What is the highest common factor of 6 and 8?
2
Calculate the greatest common divisor of 8 and 2912.
8
Calculate the highest common divisor of 30 and 340.
10
What is the highest common factor of 5 and 9995?
5
What is the highest common factor of 58 and 116?
58
Calculate the greatest common factor of 288 and 480.
96
What is the greatest common divisor of 100 and 4475?
25
Calculate the highest common factor of 3 and 226.
1
Calculate the greatest common divisor of 270 and 1485.
135
Calculate the greatest common divisor of 25 and 53475.
25
What is the highest common factor of 522 and 18?
18
What is the greatest common factor of 128 and 48?
16
Calculate the greatest common factor of 963 and 214.
107
Calculate the greatest common factor of 92 and 1403.
23
What is the highest common factor of 36 and 684?
36
What is the highest common divisor of 1711 and 348?
29
Calculate the highest common divisor of 121 and 119185.
121
Calculate the highest common factor of 3000 and 102.
6
What is the highest common divisor of 72 and 76968?
72
What is the highest common factor of 51 and 527?
17
Calculate the greatest common divisor of 1178 and 38.
38
What is the greatest common factor of 231 and 616?
77
Calculate the highest common divisor of 24 and 924.
12
Calculate the highest common factor of 108 and 16.
4
Calculate the greatest common divisor of 39 and 4095.
39
Calculate the greatest common factor of 208 and 247.
13
Calculate the greatest common factor of 368 and 759.
23
What is the highest common factor of 17 and 153?
17
Calculate the highest common factor of 21 and 27069.
21
Calculate the highest common factor of 4324 and 1012.
92
Calculate the highest common factor of 45 and 1275.
15
What is the greatest common divisor of 2376 and 16?
8
Calculate the greatest common divisor of 79 and 632.
79
Calculate the highest common factor of 168 and 13608.
168
What is the highest common divisor of 315 and 5607?
63
What is the greatest common divisor of 2057 and 2904?
121
Calculate the greatest common divisor of 33 and 1331.
11
What is the greatest common divisor of 304 and 64?
16
Calculate the highest common factor of 620 and 248.
124
What is the highest common factor of 21 and 2226?
21
Calculate the highest common factor of 750 and 30.
30
Calculate the greatest common factor of 85 and 527.
17
Calculate the greatest common divisor of 392 and 7364.
28
What is the greatest common divisor of 65 and 40?
5
What is the highest common divisor of 16 and 12?
4
What is the greatest common factor of 4029 and 816?
51
Calculate the greatest common factor of 140 and 1890.
70
Calculate the greatest common divisor of 280 and 2.
2
Calculate the highest common factor of 63 and 20580.
21
What is the highest common divisor of 252 and 36?
36
What is the highest common factor of 28 and 1876?
28
What is the greatest common factor of 11904 and 93?
93
What is the greatest common factor of 3240 and 240?
120
Calculate the highest common factor of 3450 and 828.
138
Calculate the greatest common factor of 25 and 10675.
25
What is the greatest common divisor of 224 and 64?
32
What is the highest common factor of 1050 and 1350?
150
What is the highest common factor of 735 and 2058?
147
What is the greatest common factor of 14 and 18802?
14
Calculate the highest common factor of 972 and 72.
36
What is the greatest common factor of 1330 and 70?
70
Calculate the greatest common divisor of 153 and 207.
9
What is the greatest common divisor of 96 and 24?
24
What is the highest common factor of 308 and 84?
28
What is the highest common factor of 18203 and 109?
109
Calculate the highest common factor of 1377 and 51.
51
What is the greatest common divisor of 133 and 1026?
19
What is the highest common divisor of 145 and 377?
29
Calculate the greatest common divisor of 696 and 203.
29
Calculate the highest common divisor of 34 and 74.
2
Calculate the greatest com